*y - 9 = y - 3*g, 7 = y + g. Let i(v) = 3*v + 6 - 2 - y. List the prime factors of i(3).
11
Let n(l) = -4*l - 2. Let m(k) = 2*k + 1. Let c be (-25)/3 + 2/(-3). Let f(j) = c*m(j) - 4*n(j). What are the prime factors of f(-2)?
3
Let r(a) = 7*a - 9 + a**2 - 2*a**2 + 4. Let i be r(6). Let c = 10 - i. What are the prime factors of c?
3
Let s be (1 + -4)/(9/(-6)). Let h be 3/s*8/(-6). What are the prime factors of 2 - -3 - (0 + h)?
7
Let j be ((-2)/3)/(1/(-90)). Suppose 3*v - 3*b + 48 = 0, 3*v = 8*v + 5*b + j. List the prime factors of (v/3)/((-4)/6).
7
Let f(z) = -z**3 - 4*z**2 - 3*z + 3. What are the prime factors of f(-4)?
3, 5
What are the prime factors of (2*(-33)/4)/(18/(-132))?
11
Suppose 2*a - 2 = 6. Suppose a*r - r = 3. What are the prime factors of 1 + (12/2 - r)?
2, 3
Let i = 2 - -12. Let l = i - 10. List the prime factors of l.
2
Let h(f) = -f - 7. Let o be h(-6). What are the prime factors of 30/8 - o/4?
2
Suppose 51 = 3*a - 18. What are the prime factors of a?
23
Let w = -6 - -3. List the prime factors of (3 + -18)/(-3) - w.
2
Let k(j) be the third derivative of j**4/24 - 2*j**3/3 + 2*j**2. List the prime factors of k(10).
2, 3
Suppose 0*o + 5*g + 61 = 3*o, 44 = 2*o - 5*g. What are the prime factors of o?
17
List the prime factors of (38/(-5))/((14/80)/(-7)).
2, 19
Let u(z) = -11*z**2 + 38*z + 30. Let a(f) = 7*f**2 - 25*f - 20. Let o(l) = -8*a(l) - 5*u(l). What are the prime factors of o(10)?
2, 5
Let u be -1 + 1 - (-2 - 4). Let c = u + -7. List the prime factors of c - -4 - 5 - -5.
3
Let s be 4/(-10) + 1176/40. Suppose 0 = -x + s - 4. What are the prime factors of x?
5
Suppose b - 5*v + 6 - 1 = 0, 2*b + v = 12. Suppose r + b*w - 27 = 0, -2*w = 2*w. What are the prime factors of r?
3
Suppose d + 3*d - 2*o = 64, -3*d + 2*o = -47. What are the prime factors of d?
17
What are the prime factors of (-2)/5 - 112/(-5)?
2, 11
Let y = 570 - 376. What are the prime factors of y?
2, 97
Let k be 21/4 - (-1)/(-4). Suppose -1 = -k*p + 14. Suppose p*x - 2*x = 12. List the prime factors of x.
2, 3
Let n be (-2)/(2/3 + 44/(-48)). Let v be (-1)/((-42)/(-22) - 2). Let u = v - n. List the prime factors of u.
3
Let z be 42/(4 - 7) + -2. Let v = z - -70. What are the prime factors of v?
2, 3
Let w(s) = 2*s**2 - 3*s + 2. Suppose 0 = 3*g - 8*g + 10. Let y be w(g). Let t = 6 + y. List the prime factors of t.
2, 5
Let w = -3 - 5. Let p(r) = -r**3 - 8*r**2 - r - 3. List the prime factors of p(w).
5
Let o be ((-12)/18)/((-2)/(-3)). Let y = 2 - o. What are the prime factors of y?
3
Let b = 177 - 91. What are the prime factors of b?
2, 43
Suppose -69 = -6*x + 5*x. List the prime factors of x.
3, 23
Let a = 80 + 12. List the prime factors of a.
2, 23
Let b = 0 + 2. Suppose -3*p = 4*l - 41, l = -4*p - 2 - 4. Suppose -b*a = -a - l. What are the prime factors of a?
2, 7
Let t = -12 - -26. What are the prime factors of t?
2, 7
Let k(c) = 8*c + 2. Let x be k(-2). What are the prime factors of (7/(x/12))/(-2)?
3
Let d = -135 + 339. What are the prime factors of d?
2, 3, 17
Let d(b) = -16*b - 6. Let c(o) = 16*o + 5. Let h(q) = 5*c(q) + 4*d(q). Let v be h(4). Suppose 5*a = r + 4*r - v, -3 = r + 3*a. What are the prime factors of r?
3
Let g be (1 + (-5)/2)*8. Suppose -20 = 8*k + 4. List the prime factors of g/8*8/k.
2
Suppose -10 = -2*z + 58. What are the prime factors of z?
2, 17
Suppose 8*j + 3 = 11*j. Let m(z) = 5*z**3 - 3*z**2 + 3. Let o(q) = -36*q**3 + 20*q**2 - 20. Let h(a) = -20*m(a) - 3*o(a). What are the prime factors of h(j)?
2
Let r(m) = -m - 1. Let u be r(-6). Suppose -u*i = 10, 30 = 2*y + 2*i - 3*i. List the prime factors of y.
2, 7
What are the prime factors of (-59)/(-4) + 1/4?
3, 5
Suppose -36*s + 41*s - 450 = 0. What are the prime factors of s?
2, 3, 5
Let g be (5 + -5)/(-1 + 0). Suppose g = 5*a - 7 - 18. List the prime factors of a.
5
Let h = 7 + 35. List the prime factors of h.
2, 3, 7
Suppose 3*r + 0 + 2 = 4*a, 4*r - 2*a = 14. Suppose -c + 44 = r. What are the prime factors of c?
2, 19
Let a(d) = 9*d**2 + d + 1. Let j be a(2). Suppose 6*m - j = 3*m. What are the prime factors of m?
13
Let u(a) = a**2 + a + 1. Suppose -4*w - 3*t - 7 = 0, -2*w - 3 = 2*w - t. Let p be u(w). List the prime factors of (p + 0)/(2/26).
13
Let o(m) = 2*m**2 + 5*m + 3. Let c(y) = y**2 - 4*y. Let p be c(4). Let b be (p - 1)/((-2)/(-6)). List the prime factors of o(b).
2, 3
Let j be 2/(6/(-3))*-2. Let n(i) = 3*i**2 - 4*i + 1 + 6*i - 5*i - 2*i**j. What are the prime factors of n(5)?
11
Let f(c) = 6*c**2 + 2*c. Let z be (-24)/9 + 6/9. List the prime factors of f(z).
2, 5
List the prime factors of (-532)/(-14) - (-3)/(-1).
5, 7
Let i(l) = -l**3 + 3*l**2 - 3*l - 3. Suppose -h + 5*h = 12. Let z be i(h). Let t = z + 27. List the prime factors of t.
3, 5
Suppose -a + u + 52 = 0, -a + u = -u - 49. Suppose -3*z + a = 2*c + 2*c, 0 = z + c - 19. List the prime factors of z.
3, 7
Let b = -8 + -1. Let c = b + 22. List the prime factors of c.
13
Let u = 5 - -9. What are the prime factors of u?
2, 7
Let q = 25 + -12. List the prime factors of q.
13
Suppose v = -0*v + 4. What are the prime factors of ((-54)/(-12))/(2/v)?
3
Suppose 36 = 2*u + 16. List the prime factors of u.
2, 5
Let w = 16 - -3. What are the prime factors of w?
19
Suppose -4*l + 62 = n, -4 = -3*n - 5*l + 147. Suppose n = h + 2*h. What are the prime factors of h?
2, 7
Suppose u = -u - 12. Let p = 15 + u. Let l = 1 + p. List the prime factors of l.
2, 5
Let u be (-5)/(-2) + (-1)/2. Suppose -i - 3 = -u*i. Suppose b = -i*g + 18, -3*g = -4*b + b - 18. What are the prime factors of g?
2, 3
Let m = 300 + -72. What are the prime factors of m?
2, 3, 19
Let x = -12 - -25. Suppose -12*s - 20 = -x*s. List the prime factors of s.
2, 5
Let r = 76 + -5. What are the prime factors of r?
71
Suppose -385 = 5*d - 10*d. List the prime factors of d.
7, 11
Let m = 28 + 18. List the prime factors of m.
2, 23
Suppose 3*o - 572 - 593 = -5*g, 0 = o + 3*g - 387. List the prime factors of o.
2, 3, 5, 13
Suppose -2*b + 15 = -w, -3*b + 5*w = -6*b - 10. Suppose -4*p = -b*k - 6 + 1, -25 = -5*p. What are the prime factors of k?
3
Suppose h - s = -h + 254, 0 = -h + s + 126. What are the prime factors of h?
2
Let o(c) = -6 + 4*c**3 - c**3 - 2*c**3 - 2*c - c**2 + 5*c**2. Let u be o(-4). Suppose -2 + 18 = u*a. List the prime factors of a.
2
Let x(y) = -17*y**3 - y - 1. Let h be x(-1). Suppose -2*k + 21 = -j, -60 = 5*j - 2*k + k. Let i = j + h. List the prime factors of i.
2, 3
Suppose 4*p = p. Suppose 2*l - 17 - 3 = p. List the prime factors of l.
2, 5
Suppose 0 = o - 23 - 53. List the prime factors of o.
2, 19
Suppose 380 = q + y, -4*y = 4*q + y - 1517. What are the prime factors of q?
383
Let g(f) = 19*f - 13. Let m(x) = 10*x - 7. Let s(b) = 3*g(b) - 5*m(b). List the prime factors of s(3).
17
Let b(d) = 3*d**2 + 2*d + 15. Let x be b(-10). Suppose 0 = -7*t + 2*t + x. List the prime factors of t.
59
Let r(m) = -m**3 - 8*m**2 - 8*m - 9. Let s be r(-7). Let a be (2 - 1)*s/2. List the prime factors of 6/(a/(-2*1)).
2, 3
Suppose 4*y + i - 15 = 0, -i = -5*y + 2*i + 6. Let d = y - 3. What are the prime factors of (-6)/(-2) - d/(-2)?
3
Suppose 0 = -4*b + 5 + 7. Suppose -5*z + b*k + 18 = 3, -5*k + 55 = 5*z. List the prime factors of z.
2, 3
Let r = 16 + -10. Suppose 10 = 2*h - q - r, 4*q = 2*h - 28. List the prime factors of h.
2, 3
Let z = 10 + -2. Suppose 0 = 2*t - z, 0 = 2*m - 3*m - 3*t + 34. List the prime factors of m.
2, 11
Suppose -10 = 2*r, 3*h + 4*r - 125 = 5*r. Suppose -h = -12*l + 11*l. What are the prime factors of l?
2, 5
Let o be 22 - (1 + -2 + 4). Suppose 0 = -5*m + 4*f + 60, 3*m - 3*f + 4*f = o. What are the prime factors of m?
2
Let k = -2 - -4. Suppose 4*p = -v + 5, -2*v = -k*p - 1 - 19. Suppose -4*l + v = -7. List the prime factors of l.
2
Let n = 5 - 7. Let y be n/(-9) + 122/18. Suppose 4*z = -5*d + 65, -2*z + 3*d - 2 = -y. What are the prime factors of z?
2, 5
Let q(l) = l**3 + l - 3*l**2 + 4*l**2 - 4*l**2. Let k be q(3). Suppose -14 = -k*d + d. List the prime factors of d.
7
Let a = 113 - 80. List the prime factors of a.
3, 11
Let i(h) = 2*h**2 + 10*h - 7. What are the prime factors of i(-9)?
5, 13
List the prime factors of -2*1*(-4 - 39).
2, 43
Let b(u) = u**3 - 5*u**2 - 7*u - 8. Let m be b(6). List the prime factors of 4/m*21/(-3).
2
Let i(u) = -1